{"id":93,"date":"2021-05-27T22:04:04","date_gmt":"2021-05-27T20:04:04","guid":{"rendered":"http:\/\/2020.24-stunden-schwimmen.de\/?page_id=93"},"modified":"2026-04-26T18:32:44","modified_gmt":"2026-04-26T16:32:44","slug":"anmeldung","status":"publish","type":"page","link":"https:\/\/24-stunden-schwimmen.de\/?page_id=93","title":{"rendered":"Anmeldung"},"content":{"rendered":"\n<div class=\"wp-block-columns is-layout-flex wp-container-core-columns-is-layout-9d6595d7 wp-block-columns-is-layout-flex\">\n<div class=\"wp-block-column is-layout-flow wp-block-column-is-layout-flow\" style=\"flex-basis:33.33%\">\n<div class=\"wp-block-columns is-layout-flex wp-container-core-columns-is-layout-9d6595d7 wp-block-columns-is-layout-flex\">\n<div class=\"wp-block-column is-layout-flow wp-block-column-is-layout-flow\" style=\"flex-basis:100%\"><style>.kb-google-maps-container93_1946c6-13{height:450px;}<\/style><div class=\"kb-google-maps-container kb-google-maps-container93_1946c6-13  wp-block-kadence-googlemaps\" data-mapid=\"93_1946c613\"><iframe width=\"100%\" height=\"100%\"\n\t\t\t\t\t\t\tstyle=\"border:0\" loading=\"lazy\"\n\t\t\t\t\t\t\tsrc=\"https:\/\/www.google.com\/maps\/embed\/v1\/place?key=AIzaSyBAM2o7PiQqwk15LC1XRH2e_KJ-jUa7KYk&#038;zoom=16&#038;maptype=satellite&#038;q=Rohrer+Stirn+1%2C+Meiningen\"\n\t\t\t\t\t\t\ttitle=\"Google-Karte f\u00fcr Rohrer Stirn 1, Meiningen\"><\/iframe><\/div><script>function kb_google_map93_1946c613() { let center = { lat: 37.8201, lng: -122.4781}; let map = new google.maps.Map(document.getElementById(\"kb-google-map93_1946c613\"), {\n\t\t\t\t\t    zoom: 16,\n\t\t\t\t\t    center: center,mapTypeId: \"satellite\",});let marker = new google.maps.Marker({   position: { lat: 37.8201, lng: -122.4781},    map: map,  });}<\/script><\/div>\n<\/div>\n<\/div>\n\n\n\n<div class=\"wp-block-column is-layout-flow wp-block-column-is-layout-flow\" style=\"flex-basis:66.66%\">\n<p class=\"has-normal-font-size\">Im Jahr 2026 laden euch zum 29. Meininger 24-Stunden-Schwimmen f\u00fcr den 27. und 28. Juni 2026 herzlich ein.<\/p>\n\n\n\n<p class=\"has-normal-font-size\"><\/p>\n\n\n\n<p class=\"has-normal-font-size\">Wenn ihr euch Zeit bei der Anmeldung sparen oder eine der begehrten goldenen Badekappen sichern wollt, dann solltet ihr euch hier vorab schon einmal anmelden.<\/p>\n\n\n\n<p class=\"has-normal-font-size\">Hinweise zum Datenschutz unter Mehr Informationen zum <a href=\"https:\/\/24-stunden-schwimmen.de\/?page_id=80\" target=\"_blank\" rel=\"noreferrer noopener\">https:\/\/24-stunden-schwimmen.de\/Datenschutz<\/a><\/p>\n\n\n\n<hr class=\"wp-block-separator has-css-opacity\"\/>\n\n\n\n<p class=\"has-normal-font-size\">Hier findet ihr die aktuellen Ausschreibungen zum Download: <\/p>\n\n\n\n<p><mark style=\"background-color:rgba(0, 0, 0, 0)\" class=\"has-inline-color has-virtue-primary-color\"><a href=\"https:\/\/24-stunden-schwimmen.de\/wp-content\/uploads\/2026\/04\/2026_24h_MGN_Ausschreibung.pdf\" target=\"_blank\" rel=\"noreferrer noopener\">Ausschreibung 24-Stunden-Schwimmen<\/a><\/mark><\/p>\n\n\n\n<p><a href=\"https:\/\/24-stunden-schwimmen.de\/wp-content\/uploads\/2026\/04\/2026_24h_MGN_Ausschreibung_SchulStaffel.pdf\" target=\"_blank\" rel=\"noreferrer noopener\">Ausschreibung Grundschulstaffel<\/a><\/p>\n\n\n\n<p><a href=\"https:\/\/24-stunden-schwimmen.de\/wp-content\/uploads\/2024\/02\/GS_Staffel_Anmeldung.xlsx\" target=\"_blank\" rel=\"noreferrer noopener\">Anmeldung Grundschulstaffel<\/a> (ausschlie\u00dflich mit dieser Vorlage m\u00f6glich! Handschriftliche Anmeldungen werden zur\u00fcck gewiesen)<\/p>\n\n\n\n<hr class=\"wp-block-separator has-css-opacity\"\/>\n\n\n<style>.kt-blocks-testimonials-wrap93_994299-80 .kt-svg-testimonial-global-icon{font-size:30px;}.kt-blocks-testimonials-wrap93_994299-80 .kt-testimonial-rating-wrap .kb-svg-icon-wrap{color:#ffd700;font-size:16px;}.kt-blocks-testimonials-wrap93_994299-80 .kt-testimonial-grid-wrap{gap:30px;}.wp-block-kadence-testimonials.kt-blocks-testimonials-wrap93_994299-80 .kt-testimonial-text-wrap:after{border-top-color:#eeeeee;}.kt-blocks-testimonials-wrap93_994299-80 .kt-testimonial-item-wrap .kt-testimonial-text-wrap{padding-top:20px;padding-right:20px;padding-bottom:20px;padding-left:20px;}.kt-blocks-testimonials-wrap93_994299-80 .kt-testimonial-content{color:#333333;}.kt-blocks-testimonials-wrap93_994299-80 .kt-testimonial-name{color:#333333;}.kt-blocks-testimonials-wrap93_994299-80 .kt-testimonial-occupation{color:#555555;font-size:15px;}.kt-blocks-testimonials-wrap93_994299-80 .kt-testimonial-item-wrap{max-width:500px;}.kt-blocks-testimonials-wrap93_994299-80 .kt-testimonial-item-wrap .kt-testimonial-text-wrap{max-width:500px;}.kt-blocks-testimonials-wrap93_994299-80 .kt-testimonial-media-inner-wrap{width:60px;border-top:0px solid #555555;border-right:0px solid #555555;border-bottom:0px solid #555555;border-left:0px solid #555555;padding-top:0px;padding-right:0px;padding-bottom:0px;padding-left:0px;}.kt-blocks-testimonials-wrap93_994299-80 .kt-svg-testimonial-icon{justify-content:center;align-items:center;}@media all and (max-width: 1024px){.kt-blocks-testimonials-wrap93_994299-80 .kt-testimonial-media-inner-wrap{border-top:0px solid #555555;border-right:0px solid #555555;border-bottom:0px solid #555555;border-left:0px solid #555555;}}@media all and (max-width: 767px){.kt-blocks-testimonials-wrap93_994299-80{padding-top:px;padding-bottom:px;margin-top:px;margin-bottom:px;}.kt-blocks-testimonials-wrap93_994299-80 .kt-testimonial-media-inner-wrap{border-top:0px solid #555555;border-right:0px solid #555555;border-bottom:0px solid #555555;border-left:0px solid #555555;}}<\/style><div class=\"kt-blocks-testimonials-wrap93_994299-80 kt-testimonial-halign-center kt-testimonial-style-inlineimage kt-testimonials-media-on kt-testimonials-icon-off kt-testimonial-columns-1 kt-t-xxl-col-1 kt-t-xl-col-1 kt-t-lg-col-1 kt-t-md-col-1 kt-t-sm-col-1 kt-t-xs-col-1 wp-block-kadence-testimonials\"><ul class=\"kt-blocks-testimonials-inner-wrap kt-testimonial-grid-wrap\">\n<li class=\"kt-testimonial-grid-item\"><div class=\"kt-testimonial-item-wrap kt-testimonial-item-93_4cebd6-5f wp-block-kadence-testimonial\"><div class=\"kt-testimonial-text-wrap\"><div class=\"kt-testimonial-media-wrap\"><div class=\"kt-testimonial-media-inner-wrap\"><div class=\"kadence-testimonial-image-intrisic\"><img loading=\"lazy\" decoding=\"async\" width=\"150\" height=\"150\" src=\"https:\/\/24-stunden-schwimmen.de\/wp-content\/uploads\/2022\/03\/haiNo-150x150.jpg\" class=\"kt-testimonial-image wp-image-448 size-thumbnail\" alt=\"\" \/><\/div><\/div><\/div><div class=\"kt-testimonial-title-wrap\"><h2 class=\"kt-testimonial-title\">Bitte beachten!<\/h2><\/div><div class=\"kt-testimonial-content-wrap\"><blockquote class=\"kt-testimonial-content\">F\u00fcr eure Anmeldung m\u00fcsst ihr das folgende Formular ausf\u00fcllen <strong>UND<\/strong> ein entsprechendes Online-Ticket erwerben. Auf die Ticket-Seite werdet ihr nach dem Absenden der Anmeldung automatisch weitergeleitet. Nach dem Geldeingang f\u00fcr das Ticket ist eure Anmeldung offiziell und wird von uns best\u00e4tigt. F\u00fcr weitere Anmeldungen, z.B. als Familie, einfach die Anmeldung neu ausf\u00fcllen und am Ende kein Ticket bestellen, Wir pr\u00fcfen das im Anschluss und bringen die Angaben in die Datenbank. Wir freuen uns auf euch!<\/blockquote><\/div><\/div><div class=\"kt-testimonial-meta-wrap\"><div class=\"kt-testimonial-meta-name-wrap\"><div class=\"kt-testimonial-name-wrap\"><div class=\"kt-testimonial-name\">Euer HaiNo und das Org-Team<\/div><\/div><div class=\"kt-testimonial-occupation-wrap\"><div class=\"kt-testimonial-occupation\"><\/div><\/div><\/div><\/div><\/div><\/li>\n<\/ul><\/div>\n\n\n<p>Hier kommt ihr direkt zur Ticketseite und k\u00f6nnt online das Ticket erwerben. Das spart Euch langes anstehen&#8230;<\/p>\n\n\n\n<p><a href=\"https:\/\/www.scantickets.de\/b\/6932\" target=\"_blank\" rel=\"noreferrer noopener\">Online-Tickets kaufen \u2013 29. Meininger 24-Stunden-Schwimmen &#8211; <\/a><\/p>\n\n\n\n<hr class=\"wp-block-separator has-css-opacity\"\/>\n\n\n\n<p class=\"has-medium-font-size\"><strong>Ticket-Preise:<\/strong><\/p>\n\n\n\n<p class=\"has-normal-font-size\"><strong style=\"color: initial;\">1. Event-Ticket<\/strong><span style=\"color: initial;\">:<strong>15,00\u20ac<\/strong><\/span><br><span style=\"color: initial;\">(f\u00fcr SA und beide Veranstaltungstage inkl. Abendveranstaltung)<\/span><br><br><strong>2. <\/strong><strong style=\"color: initial;\">Event-Ticket erm\u00e4\u00dfigt<\/strong><span style=\"color: initial;\">: <strong>9,00\u20ac<\/strong><\/span><br><span style=\"color: initial;\">(wie 1. f\u00fcr Kinder bis 12 Jahre oder ab GdB 70)<\/span><br><br><strong>3. <\/strong><strong style=\"color: initial;\">Event-Ticket Familie<\/strong><span style=\"color: initial;\">: <strong>33,00\u20ac<\/strong><\/span><br><span style=\"color: initial;\">(wie 1. f\u00fcr 2 Erwachsene und Kinder bis zur Vollendung des 17. Lebensjahres)<\/span><br><br><strong>4. <\/strong><strong style=\"color: initial;\">Tageskarte Sonntag<\/strong><span style=\"color: initial;\">: <strong>8,00\u20ac<\/strong><\/span><br><span style=\"color: initial;\">(ab Sonntag 9 Uhr bis Badschluss)<\/span><br><br><strong>5. <\/strong><strong style=\"color: initial;\">Tageskarte Sonntag erm\u00e4\u00dfigt<\/strong><span style=\"color: initial;\">: <strong>6,00\u20ac<\/strong><\/span><br><span style=\"color: initial;\">(wie 4. f\u00fcr Kinder bis 12 Jahre oder ab GdB 70)<\/span><br><br><strong>6.<\/strong> <strong style=\"color: initial;\">Tageskarte Sonntag Familie<\/strong><span style=\"color: initial;\">: <strong>18,00\u20ac<\/strong><\/span><br><span style=\"color: initial;\">(wie 4. f\u00fcr 2 Erwachsene und Kinder)<\/span><\/p>\n\n\n\n<p><strong>7.<\/strong> <strong>Abendkarte 27.06.2026 Abendveranstaltung<span style=\"color: initial;\">:<\/span><\/strong><span style=\"color: initial;\"><strong>5,00\u20ac<\/strong><\/span><br><span style=\"color: initial;\">(Einlass ab 18:00 Uhr, berechtigt nicht zum Schwimmen)<\/span><\/p>\n\n\n\n<p><strong>Die Veranstaltungstickets haben ausschlie\u00dflich f\u00fcr das 24-Stunden-Schwimmen G\u00fcltigkeit. Sie berechtigen nicht, am Sonntag nach Veranstaltungsende des Badgel\u00e4nde erneut zu betreten.<\/strong><\/p>\n\n\n\n<hr class=\"wp-block-separator has-css-opacity\"\/>\n\n\n\n<p class=\"has-medium-font-size\"><a href=\"http:\/\/auswertungen.e24h-online.de\/?page_id=3\">Weiterleitung zur Anmeldung<\/a><\/p>\n\n\n<\/div>\n<\/div>\n\n\n\n<p><\/p>\n","protected":false},"excerpt":{"rendered":"<p>Im Jahr 2026 laden euch zum 29. Meininger 24-Stunden-Schwimmen f\u00fcr den 27. und 28. Juni 2026 herzlich ein. Wenn ihr euch Zeit bei der Anmeldung sparen oder eine der begehrten goldenen Badekappen sichern wollt, dann solltet ihr euch hier vorab &hellip; <a href=\"https:\/\/24-stunden-schwimmen.de\/?page_id=93\">Weiter<\/a><\/p>\n","protected":false},"author":3,"featured_media":0,"parent":0,"menu_order":1,"comment_status":"closed","ping_status":"closed","template":"","meta":{"_eb_attr":"","kt_blocks_editor_width":"","footnotes":""},"class_list":["post-93","page","type-page","status-publish","hentry"],"yoast_head":"<!-- This site is optimized with the Yoast SEO plugin v27.4 - https:\/\/yoast.com\/product\/yoast-seo-wordpress\/ -->\n<title>Anmeldung - Das Meininger 24-Stunden-Schwimmen Anmeldung<\/title>\n<meta name=\"description\" content=\"Jetzt zum Meininger Schwimmklassiker anmelden und in der HaiMat des 24-Stunden-Schwimmens das Wasser rocken! Bist du dabei?\" \/>\n<meta name=\"robots\" content=\"index, follow, max-snippet:-1, max-image-preview:large, max-video-preview:-1\" \/>\n<link rel=\"canonical\" href=\"https:\/\/24-stunden-schwimmen.de\/?page_id=93\" \/>\n<meta property=\"og:locale\" content=\"de_DE\" \/>\n<meta property=\"og:type\" content=\"article\" \/>\n<meta property=\"og:title\" content=\"Anmeldung - Das Meininger 24-Stunden-Schwimmen Anmeldung\" \/>\n<meta property=\"og:description\" content=\"Jetzt zum Meininger Schwimmklassiker anmelden und in der HaiMat des 24-Stunden-Schwimmens das Wasser rocken! Bist du dabei?\" \/>\n<meta property=\"og:url\" content=\"https:\/\/24-stunden-schwimmen.de\/?page_id=93\" \/>\n<meta property=\"og:site_name\" content=\"Das Meininger 24-Stunden-Schwimmen\" \/>\n<meta property=\"article:publisher\" content=\"https:\/\/www.facebook.com\/Meininger24StundenSchwimmen\" \/>\n<meta property=\"article:modified_time\" content=\"2026-04-26T16:32:44+00:00\" \/>\n<meta name=\"twitter:card\" content=\"summary_large_image\" \/>\n<meta name=\"twitter:label1\" content=\"Gesch\u00e4tzte Lesezeit\" \/>\n\t<meta name=\"twitter:data1\" content=\"2\u00a0Minuten\" \/>\n<script type=\"application\/ld+json\" class=\"yoast-schema-graph\">{\"@context\":\"https:\\\/\\\/schema.org\",\"@graph\":[{\"@type\":\"WebPage\",\"@id\":\"https:\\\/\\\/24-stunden-schwimmen.de\\\/?page_id=93\",\"url\":\"https:\\\/\\\/24-stunden-schwimmen.de\\\/?page_id=93\",\"name\":\"Anmeldung - Das Meininger 24-Stunden-Schwimmen Anmeldung\",\"isPartOf\":{\"@id\":\"https:\\\/\\\/24-stunden-schwimmen.de\\\/#website\"},\"datePublished\":\"2021-05-27T20:04:04+00:00\",\"dateModified\":\"2026-04-26T16:32:44+00:00\",\"description\":\"Jetzt zum Meininger Schwimmklassiker anmelden und in der HaiMat des 24-Stunden-Schwimmens das Wasser rocken! Bist du dabei?\",\"breadcrumb\":{\"@id\":\"https:\\\/\\\/24-stunden-schwimmen.de\\\/?page_id=93#breadcrumb\"},\"inLanguage\":\"de\",\"potentialAction\":[{\"@type\":\"ReadAction\",\"target\":[\"https:\\\/\\\/24-stunden-schwimmen.de\\\/?page_id=93\"]}]},{\"@type\":\"BreadcrumbList\",\"@id\":\"https:\\\/\\\/24-stunden-schwimmen.de\\\/?page_id=93#breadcrumb\",\"itemListElement\":[{\"@type\":\"ListItem\",\"position\":1,\"name\":\"Startseite\",\"item\":\"https:\\\/\\\/24-stunden-schwimmen.de\\\/\"},{\"@type\":\"ListItem\",\"position\":2,\"name\":\"Anmeldung\"}]},{\"@type\":\"WebSite\",\"@id\":\"https:\\\/\\\/24-stunden-schwimmen.de\\\/#website\",\"url\":\"https:\\\/\\\/24-stunden-schwimmen.de\\\/\",\"name\":\"Das Meininger 24-Stunden-Schwimmen\",\"description\":\"Der Schwimmklassiker in Meiningen (Th\u00fcringen)\",\"publisher\":{\"@id\":\"https:\\\/\\\/24-stunden-schwimmen.de\\\/#organization\"},\"potentialAction\":[{\"@type\":\"SearchAction\",\"target\":{\"@type\":\"EntryPoint\",\"urlTemplate\":\"https:\\\/\\\/24-stunden-schwimmen.de\\\/?s={search_term_string}\"},\"query-input\":{\"@type\":\"PropertyValueSpecification\",\"valueRequired\":true,\"valueName\":\"search_term_string\"}}],\"inLanguage\":\"de\"},{\"@type\":\"Organization\",\"@id\":\"https:\\\/\\\/24-stunden-schwimmen.de\\\/#organization\",\"name\":\"Meininger Schwimmverein \\\"Wasserfreunde\\\" e.V.\",\"url\":\"https:\\\/\\\/24-stunden-schwimmen.de\\\/\",\"logo\":{\"@type\":\"ImageObject\",\"inLanguage\":\"de\",\"@id\":\"https:\\\/\\\/24-stunden-schwimmen.de\\\/#\\\/schema\\\/logo\\\/image\\\/\",\"url\":\"https:\\\/\\\/24-stunden-schwimmen.de\\\/wp-content\\\/uploads\\\/2023\\\/06\\\/24h-Logo.webp\",\"contentUrl\":\"https:\\\/\\\/24-stunden-schwimmen.de\\\/wp-content\\\/uploads\\\/2023\\\/06\\\/24h-Logo.webp\",\"width\":320,\"height\":330,\"caption\":\"Meininger Schwimmverein \\\"Wasserfreunde\\\" e.V.\"},\"image\":{\"@id\":\"https:\\\/\\\/24-stunden-schwimmen.de\\\/#\\\/schema\\\/logo\\\/image\\\/\"},\"sameAs\":[\"https:\\\/\\\/www.facebook.com\\\/Meininger24StundenSchwimmen\",\"https:\\\/\\\/www.instagram.com\\\/svwasserfreunde\\\/\",\"https:\\\/\\\/www.youtube.com\\\/channel\\\/UC6X4rRlZrgOI3k-11MJbr6A\\\/featured\"]}]}<\/script>\n<!-- \/ Yoast SEO plugin. -->","yoast_head_json":{"title":"Anmeldung - Das Meininger 24-Stunden-Schwimmen Anmeldung","description":"Jetzt zum Meininger Schwimmklassiker anmelden und in der HaiMat des 24-Stunden-Schwimmens das Wasser rocken! Bist du dabei?","robots":{"index":"index","follow":"follow","max-snippet":"max-snippet:-1","max-image-preview":"max-image-preview:large","max-video-preview":"max-video-preview:-1"},"canonical":"https:\/\/24-stunden-schwimmen.de\/?page_id=93","og_locale":"de_DE","og_type":"article","og_title":"Anmeldung - Das Meininger 24-Stunden-Schwimmen Anmeldung","og_description":"Jetzt zum Meininger Schwimmklassiker anmelden und in der HaiMat des 24-Stunden-Schwimmens das Wasser rocken! Bist du dabei?","og_url":"https:\/\/24-stunden-schwimmen.de\/?page_id=93","og_site_name":"Das Meininger 24-Stunden-Schwimmen","article_publisher":"https:\/\/www.facebook.com\/Meininger24StundenSchwimmen","article_modified_time":"2026-04-26T16:32:44+00:00","twitter_card":"summary_large_image","twitter_misc":{"Gesch\u00e4tzte Lesezeit":"2\u00a0Minuten"},"schema":{"@context":"https:\/\/schema.org","@graph":[{"@type":"WebPage","@id":"https:\/\/24-stunden-schwimmen.de\/?page_id=93","url":"https:\/\/24-stunden-schwimmen.de\/?page_id=93","name":"Anmeldung - Das Meininger 24-Stunden-Schwimmen Anmeldung","isPartOf":{"@id":"https:\/\/24-stunden-schwimmen.de\/#website"},"datePublished":"2021-05-27T20:04:04+00:00","dateModified":"2026-04-26T16:32:44+00:00","description":"Jetzt zum Meininger Schwimmklassiker anmelden und in der HaiMat des 24-Stunden-Schwimmens das Wasser rocken! Bist du dabei?","breadcrumb":{"@id":"https:\/\/24-stunden-schwimmen.de\/?page_id=93#breadcrumb"},"inLanguage":"de","potentialAction":[{"@type":"ReadAction","target":["https:\/\/24-stunden-schwimmen.de\/?page_id=93"]}]},{"@type":"BreadcrumbList","@id":"https:\/\/24-stunden-schwimmen.de\/?page_id=93#breadcrumb","itemListElement":[{"@type":"ListItem","position":1,"name":"Startseite","item":"https:\/\/24-stunden-schwimmen.de\/"},{"@type":"ListItem","position":2,"name":"Anmeldung"}]},{"@type":"WebSite","@id":"https:\/\/24-stunden-schwimmen.de\/#website","url":"https:\/\/24-stunden-schwimmen.de\/","name":"Das Meininger 24-Stunden-Schwimmen","description":"Der Schwimmklassiker in Meiningen (Th\u00fcringen)","publisher":{"@id":"https:\/\/24-stunden-schwimmen.de\/#organization"},"potentialAction":[{"@type":"SearchAction","target":{"@type":"EntryPoint","urlTemplate":"https:\/\/24-stunden-schwimmen.de\/?s={search_term_string}"},"query-input":{"@type":"PropertyValueSpecification","valueRequired":true,"valueName":"search_term_string"}}],"inLanguage":"de"},{"@type":"Organization","@id":"https:\/\/24-stunden-schwimmen.de\/#organization","name":"Meininger Schwimmverein \"Wasserfreunde\" e.V.","url":"https:\/\/24-stunden-schwimmen.de\/","logo":{"@type":"ImageObject","inLanguage":"de","@id":"https:\/\/24-stunden-schwimmen.de\/#\/schema\/logo\/image\/","url":"https:\/\/24-stunden-schwimmen.de\/wp-content\/uploads\/2023\/06\/24h-Logo.webp","contentUrl":"https:\/\/24-stunden-schwimmen.de\/wp-content\/uploads\/2023\/06\/24h-Logo.webp","width":320,"height":330,"caption":"Meininger Schwimmverein \"Wasserfreunde\" e.V."},"image":{"@id":"https:\/\/24-stunden-schwimmen.de\/#\/schema\/logo\/image\/"},"sameAs":["https:\/\/www.facebook.com\/Meininger24StundenSchwimmen","https:\/\/www.instagram.com\/svwasserfreunde\/","https:\/\/www.youtube.com\/channel\/UC6X4rRlZrgOI3k-11MJbr6A\/featured"]}]}},"_links":{"self":[{"href":"https:\/\/24-stunden-schwimmen.de\/index.php?rest_route=\/wp\/v2\/pages\/93","targetHints":{"allow":["GET"]}}],"collection":[{"href":"https:\/\/24-stunden-schwimmen.de\/index.php?rest_route=\/wp\/v2\/pages"}],"about":[{"href":"https:\/\/24-stunden-schwimmen.de\/index.php?rest_route=\/wp\/v2\/types\/page"}],"author":[{"embeddable":true,"href":"https:\/\/24-stunden-schwimmen.de\/index.php?rest_route=\/wp\/v2\/users\/3"}],"replies":[{"embeddable":true,"href":"https:\/\/24-stunden-schwimmen.de\/index.php?rest_route=%2Fwp%2Fv2%2Fcomments&post=93"}],"version-history":[{"count":86,"href":"https:\/\/24-stunden-schwimmen.de\/index.php?rest_route=\/wp\/v2\/pages\/93\/revisions"}],"predecessor-version":[{"id":1046,"href":"https:\/\/24-stunden-schwimmen.de\/index.php?rest_route=\/wp\/v2\/pages\/93\/revisions\/1046"}],"wp:attachment":[{"href":"https:\/\/24-stunden-schwimmen.de\/index.php?rest_route=%2Fwp%2Fv2%2Fmedia&parent=93"}],"curies":[{"name":"wp","href":"https:\/\/api.w.org\/{rel}","templated":true}]}}